7*n**2 + 454*n + 319. What is u(58)?
-3625
Let h(a) = -a**3 + 10*a**2 + 615*a + 116. Determine h(30).
566
Let d(n) = -n**3 + 973*n**2 + 20876*n + 36. Give d(-21).
-6
Let f(m) = -m**2 - 159*m + 101618. Calculate f(249).
26
Let o(s) = -3*s**3 + 102*s**2 - 81*s + 1315. Calculate o(34).
-1439
Let i(j) = -6*j**2 + 551*j + 3630. What is i(98)?
4
Let f(o) = 3*o**2 - 3305*o - 257254. What is f(-73)?
-2
Let o(p) = -149*p - 21993. Give o(-148).
59
Let r(x) = -40482*x - 40467. Determine r(-1).
15
Let y(v) = 55*v**2 + 1526*v - 397. Give y(-28).
-5
Let p(m) = m**3 + 713*m**2 - 6064*m + 313329. Calculate p(-722).
-19
Let i(p) = p**3 + 14*p**2 - 5*p + 3. Determine i(-10).
453
Let r(i) = 45*i**2 - 3*i - 476. Calculate r(0).
-476
Let a(k) = 22993*k - 160950. Give a(7).
1
Let l(x) = 434*x + 2000. What is l(-5)?
-170
Let l(r) = -2*r**3 + 62*r**2 - 211*r + 297. Give l(27).
432
Let x(h) = 119*h + 20. Calculate x(-9).
-1051
Let q(k) = 7992*k + 64240. What is q(-8)?
304
Let c(b) = 421*b + 62705. Give c(-149).
-24
Let b(i) = i**3 + 255*i**2 - 1055*i - 5094. Determine b(-259).
-173
Let x(c) = 5494*c - 82432. What is x(15)?
-22
Let j(m) = -m**3 + 12*m**2 - 65*m + 1277. What is j(14)?
-25
Let g(s) = 81*s**3 + 13*s**2 + 37*s + 36. What is g(-1)?
-69
Let p(k) = k**3 + 29*k**2 + 158*k + 72. Give p(0).
72
Let m(x) = -2*x**3 - 27*x**2 + 121*x. Calculate m(5).
-320
Let n(r) = 19336*r - 115894. Determine n(6).
122
Let o(p) = 1663*p - 36651. What is o(22)?
-65
Let p(w) = -489*w**3 - 9*w**2 - 6*w + 3. Calculate p(-1).
489
Let g(r) = -3*r**3 + 381*r**2 - 415*r + 4875. Determine g(126).
213
Let x(r) = r**2 - 5514*r - 36. What is x(0)?
-36
Let b(n) = -3*n**3 + 8*n**2 + 183*n + 24. What is b(10)?
-346
Let j(r) = r**3 + 38*r**2 + 1675*r - 11627. Give j(6).
7
Let q(m) = 317*m**2 - 201*m + 520. What is q(3)?
2770
Let w(f) = -13*f**2 - 466*f + 2771. What is w(6)?
-493
Let n(z) = -1877*z - 40410. Calculate n(-22).
884
Let o(z) = 29*z**2 + 737*z + 55. Give o(-25).
-245
Let l(o) = -3*o**2 - 18*o + 84. Give l(-8).
36
Let j(w) = -2*w**2 + 63788*w - 637685. Determine j(10).
-5
Let a(y) = 52161*y - 1982107. What is a(38)?
11
Let x(n) = 1018*n**2 + 8142*n - 31. Determine x(-8).
-15
Let a(c) = c**2 - 2534*c - 1006162. Determine a(-349).
5
Let d(t) = -t**3 + 166*t**2 + 61204*t + 9636. Determine d(344).
4
Let o(v) = 13*v**2 - 2162*v + 488. Calculate o(166).
-176
Let t(h) = -3*h**3 - 496*h**2 - 664*h - 585. What is t(-164)?
727
Let c(d) = -8*d**2 - 309*d - 427. What is c(-39)?
-544
Let c(y) = -9*y**2 + 2775*y + 7510. Calculate c(311).
46
Let r(h) = -5842*h - 70381. Give r(-12).
-277
Let t(a) = -204*a - 23056. Determine t(-113).
-4
Let m(k) = -32*k**2 + 43*k + 1815. What is m(-7)?
-54
Let g(q) = -17*q**3 - 13*q**2 + 109*q - 340. Give g(3).
-589
Let f(o) = 357*o - 979. Give f(2).
-265
Let t(b) = 4446*b + 53251. Calculate t(-12).
-101
Let m(t) = 30519*t + 305189. Determine m(-10).
-1
Let x(r) = r**3 + 12*r**2 - 105*r - 846. Determine x(-9).
342
Let n(p) = 5*p**2 - 643*p + 12934. What is n(25)?
-16
Let y(j) = -j**2 - 72592*j + 1670149. Calculate y(23).
4
Let y(z) = 149048*z + 894273. Calculate y(-6).
-15
Let p(x) = 59*x**2 - 583*x - 757. What is p(11)?
-31
Let c(z) = z**3 - 75*z**2 - 486*z + 72. Determine c(81).
72
Let p(u) = 24*u**3 + 1008*u**2 - 999*u - 10. What is p(1)?
23
Let a(f) = -f**3 + 295*f**2 - 330*f + 10621. Give a(294).
37
Let g(y) = -y**3 + 86*y**2 - 1332*y + 3952. Determine g(67).
-1
Let f(u) = u**2 + 526*u - 66964. Calculate f(106).
28
Let v(a) = -85*a**2 + 2617*a + 561. What is v(31)?
3
Let q(l) = -l**2 - 188817*l + 1510651. Determine q(8).
51
Let t(w) = w**2 + 6227*w + 516013. Determine t(-84).
1
Let b(g) = -g**3 + 801*g**2 + 272*g - 217844. Determine b(801).
28
Let s(r) = -r**2 - 1218*r + 22296. Determine s(18).
48
Let a(u) = -u**3 - 12*u**2 + 150*u - 51. Calculate a(7).
68
Let r(f) = f**3 + 11*f**2 - 128*f - 1569. Calculate r(-12).
-177
Let c(p) = 767*p - 1666. Give c(4).
1402
Let q(l) = 139999*l + 2239980. Give q(-16).
-4
Let l(c) = 4*c**2 + 77*c - 2002. What is l(-33)?
-187
Let z(m) = 3681*m + 43986. Give z(-12).
-186
Let z(y) = -y**3 + 12*y**2 - 665*y + 8819. Give z(13).
5
Let n(k) = 622*k + 23192. Determine n(-37).
178
Let w(f) = 383*f**2 + 2716*f + 245. Give w(-7).
0
Let w(k) = -7185*k + 71832. Determine w(10).
-18
Let b(n) = -6129*n + 18374. Determine b(3).
-13
Let p(g) = 1911*g - 162411. Calculate p(85).
24
Let o(q) = -95*q - 5654. Determine o(-76).
1566
Let a(w) = 10*w**2 - 2001*w + 8039. Determine a(4).
195
Let i(h) = 94*h - 1879. Calculate i(20).
1
Let v(p) = -8*p**3 + 35*p**2 - 59*p + 473. Give v(6).
-349
Let s(x) = 920*x + 113188. Give s(-123).
28
Let u(o) = -8*o**2 - 315*o + 1868. Calculate u(6).
-310
Let l(j) = 590*j - 26157. Give l(45).
393
Let y(z) = -z**2 - 26*z + 270. Determine y(-41).
-345
Let s(a) = 4*a**2 + 273*a + 4663. What is s(-26)?
269
Let t(x) = -2911*x - 1624404. Give t(-558).
-66
Let i(o) = -9*o**3 - 678*o**2 + 618*o + 12305. Determine i(-76).
-7
Let y(z) = 5*z**2 - 741*z - 5452. Calculate y(-7).
-20
Let f(p) = -36648*p + 17700991. Give f(483).
7
Let k(a) = -a**3 - 113*a**2 - 1868*a - 740. Calculate k(-93).
4
Let t(w) = -3807769*w + 7. What is t(0)?
7
Let q(z) = -648*z**2 - 17500*z - 120. Give q(-27).
-12
Let j(n) = 2*n**3 - 175*n**2 + 382*n + 3643. What is j(85)?
-12
Let b(o) = 3*o**2 + 329*o + 8071. Determine b(-39).
-197
Let o(k) = -2*k**2 + 90109*k + 1622594. Give o(-18).
-16
Let o(q) = -11125*q + 500696. Calculate o(45).
71
Let o(w) = 9054*w + 1077436. Determine o(-119).
10
Let v(p) = -3*p**3 - 12*p**2 - 52*p - 17. Give v(-7).
788
Let z(k) = -k**3 + 31*k**2 + 47*k - 408. Give z(33).
-1035
Let a(z) = 2*z**3 + 793*z**2 - 3825*z - 1671517. Give a(-396).
-1
Let k(n) = -n**3 - 25*n**2 + 1456*n - 1452. What is k(-53)?
32
Let x(n) = -1169*n - 65467. Calculate x(-56).
-3
Let v(d) = -19813*d - 1505762. Determine v(-76).
26
Let g(j) = j**2 - 600*j - 210318. What is g(-248)?
-14
Let b(y) = -5*y**2 + 85918*y + 171845. Calculate b(-2).
-11
Let h(n) = -2057*n**3 - 15*n**2 + 69*n - 70. Calculate h(1).
-2073
Let p(v) = -v**3 - 8*v**2 - 330*v - 3481. Determine p(-10).
19
Let d(y) = -18574*y + 150162. Calculate d(8).
1570
Let o(s) = -5*s**2 + 209*s + 2686. What is o(52)?
34
Let s(f) = -56*f**2 + 421*f - 83. What is s(8)?
-299
Let m(j) = -j**3 + 16*j**2 - j + 169. What is m(15)?
379
Let u(v) = 37490*v - 224975. Determine u(6).
-35
Let k(v) = -12*v**3 + 1502*v**2 - 263*v + 1627. What is k(125)?
2
Let m(y) = 3*y**3 - 36*y**2 + 1100*y - 10403. What is m(10)?
-3
Let l(b) = -b**2 - 1640*b + 14731. Give l(9).
-110
Let m(z) = -z**2 + 3178*z - 232639. Determine m(75).
86
Let z(m) = 153340*m - 1226683. Give z(8).
37
Let d(q) = -1014*q - 278240. Calculate d(-275).
610
Let g(q) = 2*q**3 - 105*q**2 - 1610*q - 973. What is g(65)?
2
Let j(d) = 8*d**3 + 65*d**2 - 53*d - 226. Calculate j(-8).
262
Let m(q) = q**3 - 84*q**2 - 325*q - 19325. Calculate m(90).
25
Let s(w) = -847*w - 5953. What is s(-7)?
-24
Let w(l) = l**2 - 22*l + 79. What is w(12)?
-41
Let s(w) = 231521*w - 4167396. Determine s(18).
-18
Let j(g) = -981*g**2 + 14707*g + 126. Give j(15).
6
Let y(n) = -6*n**2 + 788*n - 241. What is y(132)?
-769
Let p(z) = -z**2 + 7*z + 799. Give p(-31).
-379
Let p(k) = -59755*k - 358539. What is p(-6)?
-9
Let c(v) = v**2 + 920*v + 150272. Determine c(-212).
176
Let p(c) = 19381*c + 484389. Calculate p(-25).
-136
Let d(h) = -4*h**3 + 128*h**2 - 54*h - 2188. What is d(31)?
-18
Let z(q) = -7*q**2 + 73*q - 172. Calculate z(10).
-142
Let s(u) = 2468*u - 199930. Calculate s(81).
-22
Let h(m) = 3*m**3 + 43*m**2 + 403*m + 3217. Calculate h(-11).
-6
Let b(j) = 4*j**2 + 14243*j + 14246. Give b(-1).
7
Let g(x) = -6*x**2 + 93*x + 786. Give g(-10).
-744
Let d(t) = -44*t**2 + 689*t + 19. Calculate d(16).
-221
Let w(a) = a**2 - 3058*a + 63775. Calculate w(21).
-2
Let k(o) = -35*o**3 - 9*o**2 - 2*o + 51. Determine k(2).
-269
Let s(b) = -b**3 - 41*b**2 + 360*b + 824. What is s(9)?
14
Let x(j) = -10*j**3 + 161*j**2 - 186*j - 159. What is x(16)?
-2879
Let d(n) = 3*n**2 - 103*n + 697. Calculate d(8).
65
Let k(c) = -9*c**3 - 67*c**2 - 253*c + 17. Calculate k(-4).
533
Let r(n) = -19*n**3 + 73*n**2 + 112*n - 7. Determine r(5).
3
Let x(v) = 3*v**2 - 27604*v + 165601. What is x(6)?
85
Let m(u) = -5144*u + 436